{"id":3697,"date":"2021-03-21T14:11:53","date_gmt":"2021-03-21T13:11:53","guid":{"rendered":"https:\/\/sciences.brussels\/printemps\/?post_type=projet-expo&#038;p=3697"},"modified":"2021-03-22T17:02:37","modified_gmt":"2021-03-22T16:02:37","slug":"le-recyclage-de-lor-dans-les-dechets-electroniques","status":"publish","type":"projet-expo","link":"https:\/\/sciences.brussels\/printemps\/projet-expo\/le-recyclage-de-lor-dans-les-dechets-electroniques\/","title":{"rendered":"Le recyclage de l&rsquo;or dans les d\u00e9chets \u00e9lectroniques"},"content":{"rendered":"<p><span data-sheets-value=\"{&quot;1&quot;:2,&quot;2&quot;:&quot;Dans 20 ans, il n'y aura plus d'or \u00e0 extraire. Saviez-vous que tous les jours vous manipulez de l\u2019or ? Eh oui, dans vos smartphones et dans vos ordinateurs il y a de l\u2019or ! Pourtant, quand nos appareils \u00e9lectroniques arrivent \u00e0 leur fin, on les oublie dans un coin. Nous allons vous parler du recyclage de l'or \u00e0 partir de vos appareils \u00e9lectroniques.&quot;}\" data-sheets-userformat=\"{&quot;2&quot;:12993,&quot;3&quot;:{&quot;1&quot;:0},&quot;9&quot;:1,&quot;10&quot;:1,&quot;12&quot;:0,&quot;15&quot;:&quot;Arial&quot;,&quot;16&quot;:10}\">Dans 20 ans, il n&rsquo;y aura plus d&rsquo;or \u00e0 extraire. Saviez-vous que tous les jours vous manipulez de l\u2019or ? Eh oui, dans vos smartphones et dans vos ordinateurs il y a de l\u2019or ! Pourtant, quand nos appareils \u00e9lectroniques arrivent \u00e0 leur fin, on les oublie dans un coin. Nous allons vous parler du recyclage de l&rsquo;or \u00e0 partir de vos appareils \u00e9lectroniques.<\/span><\/p>\n","protected":false},"template":"","categorie-exo":[130,122,134],"class_list":["post-3697","projet-expo","type-projet-expo","status-publish","hentry","categorie-exo-faculte-des-sciences","categorie-exo-chimie","categorie-exo-ulb","description-off"],"_links":{"self":[{"href":"https:\/\/sciences.brussels\/printemps\/wp-json\/wp\/v2\/projet-expo\/3697"}],"collection":[{"href":"https:\/\/sciences.brussels\/printemps\/wp-json\/wp\/v2\/projet-expo"}],"about":[{"href":"https:\/\/sciences.brussels\/printemps\/wp-json\/wp\/v2\/types\/projet-expo"}],"wp:attachment":[{"href":"https:\/\/sciences.brussels\/printemps\/wp-json\/wp\/v2\/media?parent=3697"}],"wp:term":[{"taxonomy":"categorie-exo","embeddable":true,"href":"https:\/\/sciences.brussels\/printemps\/wp-json\/wp\/v2\/categorie-exo?post=3697"}],"curies":[{"name":"wp","href":"https:\/\/api.w.org\/{rel}","templated":true}]}}

Le recyclage de l&rsquo;or dans les déchets électroniques

<p><span data-sheets-value="{&quot;1&quot;:2,&quot;2&quot;:&quot;Dans 20 ans, il n'y aura plus d'or à extraire. Saviez-vous que tous les jours vous manipulez de l’or ? Eh oui, dans vos smartphones et dans vos ordinateurs il y a de l’or ! Pourtant, quand nos appareils électroniques arrivent à leur fin, on les oublie dans un coin. Nous allons vous parler du recyclage de l'or à partir de vos appareils électroniques.&quot;}" data-sheets-userformat="{&quot;2&quot;:12993,&quot;3&quot;:{&quot;1&quot;:0},&quot;9&quot;:1,&quot;10&quot;:1,&quot;12&quot;:0,&quot;15&quot;:&quot;Arial&quot;,&quot;16&quot;:10}">Dans 20 ans, il n&rsquo;y aura plus d&rsquo;or à extraire. Saviez-vous que tous les jours vous manipulez de l’or ? Eh oui, dans vos smartphones et dans vos ordinateurs il y a de l’or ! Pourtant, quand nos appareils électroniques arrivent à leur fin, on les oublie dans un coin. Nous allons vous parler du recyclage de l&rsquo;or à partir de vos appareils électroniques.</span></p>
