{"id":3694,"date":"2021-03-21T14:00:23","date_gmt":"2021-03-21T13:00:23","guid":{"rendered":"https:\/\/sciences.brussels\/printemps\/?post_type=projet-expo&#038;p=3694"},"modified":"2021-03-22T12:48:39","modified_gmt":"2021-03-22T11:48:39","slug":"quest-ce-que-la-sclerose-laterale-amyotrophique-ou-maladie-de-charcot-pour-les-intimes","status":"publish","type":"projet-expo","link":"https:\/\/sciences.brussels\/printemps\/projet-expo\/quest-ce-que-la-sclerose-laterale-amyotrophique-ou-maladie-de-charcot-pour-les-intimes\/","title":{"rendered":"Qu&rsquo;est-ce que la scl\u00e9rose lat\u00e9rale amyotrophique ou maladie de Charcot pour les intimes ?"},"content":{"rendered":"<p><span data-sheets-value=\"{&quot;1&quot;:2,&quot;2&quot;:&quot;Vous avez peut-\u00eatre d\u00e9j\u00e0 entendu parler de Stephen Hawking, le c\u00e9l\u00e8bre physicien atteint d'une maladie neurod\u00e9g\u00e9n\u00e9rative. Mais savez-vous quelle \u00e9tait sa maladie ? Pourquoi il \u00e9tait en fauteuil et avait difficult\u00e9s \u00e0 parler ? Venez trouver toutes les r\u00e9ponses \u00e0 ces questions dans notre dossier.&quot;}\" data-sheets-userformat=\"{&quot;2&quot;:12993,&quot;3&quot;:{&quot;1&quot;:0},&quot;9&quot;:1,&quot;10&quot;:1,&quot;12&quot;:0,&quot;15&quot;:&quot;Arial&quot;,&quot;16&quot;:10}\">Vous avez peut-\u00eatre d\u00e9j\u00e0 entendu parler de Stephen Hawking, le c\u00e9l\u00e8bre physicien atteint d&rsquo;une maladie neurod\u00e9g\u00e9n\u00e9rative. Mais savez-vous quelle \u00e9tait sa maladie ? Pourquoi il \u00e9tait en fauteuil et avait difficult\u00e9s \u00e0 parler ? Venez trouver toutes les r\u00e9ponses \u00e0 ces questions dans notre dossier.<\/span><\/p>\n","protected":false},"template":"","categorie-exo":[133,129,134],"class_list":["post-3694","projet-expo","type-projet-expo","status-publish","hentry","categorie-exo-faculte-de-medecine","categorie-exo-sciences-biomedicales","categorie-exo-ulb","description-off"],"_links":{"self":[{"href":"https:\/\/sciences.brussels\/printemps\/wp-json\/wp\/v2\/projet-expo\/3694"}],"collection":[{"href":"https:\/\/sciences.brussels\/printemps\/wp-json\/wp\/v2\/projet-expo"}],"about":[{"href":"https:\/\/sciences.brussels\/printemps\/wp-json\/wp\/v2\/types\/projet-expo"}],"wp:attachment":[{"href":"https:\/\/sciences.brussels\/printemps\/wp-json\/wp\/v2\/media?parent=3694"}],"wp:term":[{"taxonomy":"categorie-exo","embeddable":true,"href":"https:\/\/sciences.brussels\/printemps\/wp-json\/wp\/v2\/categorie-exo?post=3694"}],"curies":[{"name":"wp","href":"https:\/\/api.w.org\/{rel}","templated":true}]}}

Qu&rsquo;est-ce que la sclérose latérale amyotrophique ou maladie de Charcot pour les intimes ?

<p><span data-sheets-value="{&quot;1&quot;:2,&quot;2&quot;:&quot;Vous avez peut-être déjà entendu parler de Stephen Hawking, le célèbre physicien atteint d'une maladie neurodégénérative. Mais savez-vous quelle était sa maladie ? Pourquoi il était en fauteuil et avait difficultés à parler ? Venez trouver toutes les réponses à ces questions dans notre dossier.&quot;}" data-sheets-userformat="{&quot;2&quot;:12993,&quot;3&quot;:{&quot;1&quot;:0},&quot;9&quot;:1,&quot;10&quot;:1,&quot;12&quot;:0,&quot;15&quot;:&quot;Arial&quot;,&quot;16&quot;:10}">Vous avez peut-être déjà entendu parler de Stephen Hawking, le célèbre physicien atteint d&rsquo;une maladie neurodégénérative. Mais savez-vous quelle était sa maladie ? Pourquoi il était en fauteuil et avait difficultés à parler ? Venez trouver toutes les réponses à ces questions dans notre dossier.</span></p>
