{"id":6849,"date":"2025-02-13T17:21:03","date_gmt":"2025-02-13T16:21:03","guid":{"rendered":"https:\/\/sciences.brussels\/printemps\/?page_id=6849"},"modified":"2025-02-13T17:22:58","modified_gmt":"2025-02-13T16:22:58","slug":"activites-scolaires","status":"publish","type":"page","link":"https:\/\/sciences.brussels\/printemps\/activites-scolaires\/","title":{"rendered":"Activit\u00e9s pour les \u00e9coles"},"content":{"rendered":"<div class='css-events-list'><table cellpadding=\"15\" cellspacing=\"15\" vertical-align=\"top\" style=\"border-collapse:collapse;\"><tr onclick=\"location.href='https:\/\/sciences.brussels\/printemps\/events\/ateliers-et-visites-pour-le-fondamental-2\/'\" class=\"hvr-sink2\">\r\n<td width=\"20%\" style=\"border-bottom: 0px solid #ffffff !important; border-top: 0px solid #ffffff !important; background-image:url(https:\/\/sciences.brussels\/printemps\/wp-content\/uploads\/sites\/2\/2016\/02\/experimental.png); background-repeat:no-repeat; background-size:cover; background-position: center; \" >\r\n\r\n<div class=\"calendrier startdate\" style=\"background: rgba(108, 80, 152, 0.8); padding: 2% 0% 3% 0%;font-size:25px;color: white;text-transform: uppercase;letter-spacing: 1px; width:40px; display:inline-block; text-align:center !important;line-height: 15px;font-weight: bold;\";><small style=\"line-height:2;font-size:12px\" class=\"emsmall\">lun<\/small><br>24 <small class=\"emsmall\"><small class=\"emsmall\"><small class=\"emsmall\"><small class=\"emsmall\">Mar<\/small> <\/small><\/small><\/small><small class=\"emsmall\"><small class=\"emsmall\"><small class=\"emsmall\">2025<\/small><\/small><\/small><\/div>\r\n\r\n<div class=\"calendrier enddate\" style=\"background: rgba(255, 172, 30, 0.8); padding:  2% 0% 3% 0%;font-size:25px;color: white;text-transform: uppercase;letter-spacing: 1px; width:40px; display:inline-block; text-align:center !important;line-height: 15px;font-weight: bold;\";><small style=\"line-height:2;font-size:12px;padding:0 0 5px 0\" class=\"emsmall\">dim<br><\/small>30 <small class=\"emsmall\"><small class=\"emsmall\"><small class=\"emsmall\"><small class=\"emsmall\">Mar <\/small><\/small><\/small><\/small><small class=\"emsmall\"><small class=\"emsmall\"><small class=\"emsmall\">2025<\/small><\/small><\/small><\/div>\r\n\r\n\r\n<\/td><td style=\"border-bottom: 0px solid #ffffff !important; border-top: 0px solid #ffffff !important; bgcolor: lightyellow; \"\/>\r\n<td style=\"border-bottom: 0px solid #ffffff !important; border-top: 0px solid #ffffff !important; bgcolor: lightyellow; \">\r\n\r\n<h3>Ateliers et visites pour le fondamental <\/h3>\r\n\r\n<h3><small class=\"emsmall\"><span style=\"background: orange; padding: 4px;font:size18px;color: white;text-transform: uppercase;\";>Ateliers<\/span> <span style=\"background: #6c5098; padding: 4px;font:size18px;color: white\";>Maternel<\/span><span style=\"background: orange; padding: 4px;font:size18px;color: white\";>3<\/span> <span style=\"background: #6c5098; padding: 4px;font:size18px;color: white\";>Primaire<\/span><span style=\"background: orange; padding: 4px;font:size18px;color: white\";>1<\/span><span style=\"background: orange; padding: 4px;font:size18px;color: white\";>2<\/span><span style=\"background: orange; padding: 4px;font:size18px;color: white\";>3<\/span><span style=\"background: orange; padding: 4px;font:size18px;color: white\";>4<\/span><span style=\"background: orange; padding: 4px;font:size18px;color: white\";>5<\/span><span style=\"background: orange; padding: 4px;font:size18px;color: white\";>6<\/span><\/small><\/h3>\r\n<h3><small class=\"emsmall\"><span style=\"background: orange; padding: 4px;font:size18px;color: white;\";><i class=\"fa icon-clock\"><\/i>Nombreuses s\u00e9ances<\/span>  <span style=\"background: #6c5098; padding: 4px;font:size18px;color: white;\";><i class=\"fa icon-location-outline\"><\/i>Diff\u00e9rents lieux \u00e0 Bruxelles<\/span><\/small><\/h3>\r\n<\/td>\r\n\r\n        <\/tr><tr><td col-span=\"2\" style=\"border-bottom: 0px solid #ffffff !important; border-top: 0px solid #ffffff !important; bgcolor: lightyellow; \"\/><\/tr>\r\n<tr onclick=\"location.href='https:\/\/sciences.brussels\/printemps\/events\/ateliers-visites-et-conferences-pour-le-secondaire-2\/'\" class=\"hvr-sink2\">\r\n<td width=\"20%\" style=\"border-bottom: 0px solid #ffffff !important; border-top: 0px solid #ffffff !important; background-image:url(https:\/\/sciences.brussels\/printemps\/wp-content\/uploads\/sites\/2\/2017\/01\/IMG_7560.jpg); background-repeat:no-repeat; background-size:cover; background-position: center; \" >\r\n\r\n<div class=\"calendrier startdate\" style=\"background: rgba(108, 80, 152, 0.8); padding: 2% 0% 3% 0%;font-size:25px;color: white;text-transform: uppercase;letter-spacing: 1px; width:40px; display:inline-block; text-align:center !important;line-height: 15px;font-weight: bold;\";><small style=\"line-height:2;font-size:12px\" class=\"emsmall\">lun<\/small><br>24 <small class=\"emsmall\"><small class=\"emsmall\"><small class=\"emsmall\"><small class=\"emsmall\">Mar<\/small> <\/small><\/small><\/small><small class=\"emsmall\"><small class=\"emsmall\"><small class=\"emsmall\">2025<\/small><\/small><\/small><\/div>\r\n\r\n<div class=\"calendrier enddate\" style=\"background: rgba(255, 172, 30, 0.8); padding:  2% 0% 3% 0%;font-size:25px;color: white;text-transform: uppercase;letter-spacing: 1px; width:40px; display:inline-block; text-align:center !important;line-height: 15px;font-weight: bold;\";><small style=\"line-height:2;font-size:12px;padding:0 0 5px 0\" class=\"emsmall\">dim<br><\/small>30 <small class=\"emsmall\"><small class=\"emsmall\"><small class=\"emsmall\"><small class=\"emsmall\">Mar <\/small><\/small><\/small><\/small><small class=\"emsmall\"><small class=\"emsmall\"><small class=\"emsmall\">2025<\/small><\/small><\/small><\/div>\r\n\r\n\r\n<\/td><td style=\"border-bottom: 0px solid #ffffff !important; border-top: 0px solid #ffffff !important; bgcolor: lightyellow; \"\/>\r\n<td style=\"border-bottom: 0px solid #ffffff !important; border-top: 0px solid #ffffff !important; bgcolor: lightyellow; \">\r\n\r\n<h3>Ateliers, visites et conf\u00e9rences pour le secondaire <\/h3>\r\n\r\n<h3><small class=\"emsmall\"><span style=\"background: orange; padding: 4px;font:size18px;color: white;text-transform: uppercase;\";>Ateliers<\/span> <span style=\"background: #6c5098; padding: 4px;font:size18px;color: white\";>Secondaire<\/span><span style=\"background: orange; padding: 4px;font:size18px;color: white\";>1<\/span><span style=\"background: orange; padding: 4px;font:size18px;color: white\";>2<\/span><span style=\"background: orange; padding: 4px;font:size18px;color: white\";>3<\/span><span style=\"background: orange; padding: 4px;font:size18px;color: white\";>4<\/span><span style=\"background: orange; padding: 4px;font:size18px;color: white\";>5<\/span><span style=\"background: orange; padding: 4px;font:size18px;color: white\";>6<\/span><span style=\"background: orange; padding: 4px;font:size18px;color: white\";>7<\/span><\/small><\/h3>\r\n<h3><small class=\"emsmall\"><span style=\"background: orange; padding: 4px;font:size18px;color: white;\";><i class=\"fa icon-clock\"><\/i>Nombreuses s\u00e9ances<\/span>  <span style=\"background: #6c5098; padding: 4px;font:size18px;color: white;\";><i class=\"fa icon-location-outline\"><\/i>Diff\u00e9rents lieux \u00e0 Bruxelles<\/span><\/small><\/h3>\r\n<\/td>\r\n\r\n        <\/tr><tr><td col-span=\"2\" style=\"border-bottom: 0px solid #ffffff !important; border-top: 0px solid #ffffff !important; bgcolor: lightyellow; \"\/><\/tr>\r\n<tr onclick=\"location.href='https:\/\/sciences.brussels\/printemps\/events\/exposition-des-sciences-2025-eau-reka\/'\" class=\"hvr-sink2\">\r\n<td width=\"20%\" style=\"border-bottom: 0px solid #ffffff !important; border-top: 0px solid #ffffff !important; background-image:url(https:\/\/sciences.brussels\/printemps\/wp-content\/uploads\/sites\/2\/2025\/01\/PDS2025_16-9_Save-the-date.jpg); background-repeat:no-repeat; background-size:cover; background-position: center; \" >\r\n\r\n<div class=\"calendrier startdate\" style=\"background: rgba(108, 80, 152, 0.8); padding: 2% 0% 3% 0%;font-size:25px;color: white;text-transform: uppercase;letter-spacing: 1px; width:40px; display:inline-block; text-align:center !important;line-height: 15px;font-weight: bold;\";><small style=\"line-height:2;font-size:12px\" class=\"emsmall\">lun<\/small><br>24 <small class=\"emsmall\"><small class=\"emsmall\"><small class=\"emsmall\"><small class=\"emsmall\">Mar<\/small> <\/small><\/small><\/small><small class=\"emsmall\"><small class=\"emsmall\"><small class=\"emsmall\">2025<\/small><\/small><\/small><\/div>\r\n\r\n<div class=\"calendrier enddate\" style=\"background: rgba(255, 172, 30, 0.8); padding:  2% 0% 3% 0%;font-size:25px;color: white;text-transform: uppercase;letter-spacing: 1px; width:40px; display:inline-block; text-align:center !important;line-height: 15px;font-weight: bold;\";><small style=\"line-height:2;font-size:12px;padding:0 0 5px 0\" class=\"emsmall\">dim<br><\/small>30 <small class=\"emsmall\"><small class=\"emsmall\"><small class=\"emsmall\"><small class=\"emsmall\">Mar <\/small><\/small><\/small><\/small><small class=\"emsmall\"><small class=\"emsmall\"><small class=\"emsmall\">2025<\/small><\/small><\/small><\/div>\r\n\r\n\r\n<\/td><td style=\"border-bottom: 0px solid #ffffff !important; border-top: 0px solid #ffffff !important; bgcolor: lightyellow; \"\/>\r\n<td style=\"border-bottom: 0px solid #ffffff !important; border-top: 0px solid #ffffff !important; bgcolor: lightyellow; \">\r\n\r\n<h3>Exposition des Sciences 2025 : Eau-r\u00eaka <\/h3>\r\n\r\n<h3><small class=\"emsmall\"><span style=\"background: orange; padding: 4px;font:size18px;color: white;text-transform: uppercase;\";>Exposition<\/span> <span style=\"background: #6c5098; padding: 4px;font:size18px;color: white\";>Enseignants<\/span> <span style=\"background: #6c5098; padding: 4px;font:size18px;color: white\";>Primaire<\/span><span style=\"background: orange; padding: 4px;font:size18px;color: white\";>5<\/span><span style=\"background: orange; padding: 4px;font:size18px;color: white\";>6<\/span> <span style=\"background: #6c5098; padding: 4px;font:size18px;color: white\";>Secondaire<\/span><span style=\"background: orange; padding: 4px;font:size18px;color: white\";>1<\/span><span style=\"background: orange; padding: 4px;font:size18px;color: white\";>2<\/span><span style=\"background: orange; padding: 4px;font:size18px;color: white\";>3<\/span><span style=\"background: orange; padding: 4px;font:size18px;color: white\";>4<\/span><span style=\"background: orange; padding: 4px;font:size18px;color: white\";>5<\/span><span style=\"background: orange; padding: 4px;font:size18px;color: white\";>6<\/span><span style=\"background: orange; padding: 4px;font:size18px;color: white\";>7<\/span> <span style=\"background: #6c5098; padding: 4px;font:size18px;color: white\";>\u00c9tudiants<\/span> <span style=\"background: #6c5098; padding: 4px;font:size18px;color: white\";>Familles<\/span> <span style=\"background: #6c5098; padding: 4px;font:size18px;color: white\";>Passionn\u00e9s<\/span><\/small><\/h3>\r\n<h3><small class=\"emsmall\"><span style=\"background: orange; padding: 4px;font:size18px;color: white;\";><i class=\"fa icon-clock\"><\/i>Voir horaires d'ouverture<\/span> <span style=\"background: #6c5098; padding: 4px;font:size18px;color: white;\";><i class=\"fa icon-location-outline\"><\/i>ULB Campus du Solbosch &#8211; B\u00e2timent S, 1050 Bruxelles<\/span> <\/small><\/h3>\r\n<\/td>\r\n\r\n        <\/tr><tr><td col-span=\"2\" style=\"border-bottom: 0px solid #ffffff !important; border-top: 0px solid #ffffff !important; bgcolor: lightyellow; \"\/><\/tr>\r\n<tr onclick=\"location.href='https:\/\/sciences.brussels\/printemps\/events\/festival-du-film-scientifique-de-bruxelles-4\/'\" class=\"hvr-sink2\">\r\n<td width=\"20%\" style=\"border-bottom: 0px solid #ffffff !important; border-top: 0px solid #ffffff !important; background-image:url(https:\/\/sciences.brussels\/printemps\/wp-content\/uploads\/sites\/2\/2017\/12\/ffsb.jpg); background-repeat:no-repeat; background-size:cover; background-position: center; \" >\r\n\r\n<div class=\"calendrier startdate\" style=\"background: rgba(108, 80, 152, 0.8); padding: 2% 0% 3% 0%;font-size:25px;color: white;text-transform: uppercase;letter-spacing: 1px; width:40px; display:inline-block; text-align:center !important;line-height: 15px;font-weight: bold;\";><small style=\"line-height:2;font-size:12px\" class=\"emsmall\">lun<\/small><br>24 <small class=\"emsmall\"><small class=\"emsmall\"><small class=\"emsmall\"><small class=\"emsmall\">Mar<\/small> <\/small><\/small><\/small><small class=\"emsmall\"><small class=\"emsmall\"><small class=\"emsmall\">2025<\/small><\/small><\/small><\/div>\r\n\r\n<div class=\"calendrier enddate\" style=\"background: rgba(255, 172, 30, 0.8); padding:  2% 0% 3% 0%;font-size:25px;color: white;text-transform: uppercase;letter-spacing: 1px; width:40px; display:inline-block; text-align:center !important;line-height: 15px;font-weight: bold;\";><small style=\"line-height:2;font-size:12px;padding:0 0 5px 0\" class=\"emsmall\">dim<br><\/small>30 <small class=\"emsmall\"><small class=\"emsmall\"><small class=\"emsmall\"><small class=\"emsmall\">Mar <\/small><\/small><\/small><\/small><small class=\"emsmall\"><small class=\"emsmall\"><small class=\"emsmall\">2025<\/small><\/small><\/small><\/div>\r\n\r\n\r\n<\/td><td style=\"border-bottom: 0px solid #ffffff !important; border-top: 0px solid #ffffff !important; bgcolor: lightyellow; \"\/>\r\n<td style=\"border-bottom: 0px solid #ffffff !important; border-top: 0px solid #ffffff !important; bgcolor: lightyellow; \">\r\n\r\n<h3>Festival du Film Scientifique de Bruxelles <\/h3>\r\n\r\n<h3><small class=\"emsmall\"><span style=\"background: orange; padding: 4px;font:size18px;color: white;text-transform: uppercase;\";>Films<\/span> <span style=\"background: #6c5098; padding: 4px;font:size18px;color: white\";>Enseignants<\/span> <span style=\"background: #6c5098; padding: 4px;font:size18px;color: white\";>Primaire<\/span><span style=\"background: orange; padding: 4px;font:size18px;color: white\";>5<\/span><span style=\"background: orange; padding: 4px;font:size18px;color: white\";>6<\/span> <span style=\"background: #6c5098; padding: 4px;font:size18px;color: white\";>Secondaire<\/span><span style=\"background: orange; padding: 4px;font:size18px;color: white\";>1<\/span><span style=\"background: orange; padding: 4px;font:size18px;color: white\";>2<\/span><span style=\"background: orange; padding: 4px;font:size18px;color: white\";>3<\/span><span style=\"background: orange; padding: 4px;font:size18px;color: white\";>4<\/span><span style=\"background: orange; padding: 4px;font:size18px;color: white\";>5<\/span><span style=\"background: orange; padding: 4px;font:size18px;color: white\";>6<\/span><span style=\"background: orange; padding: 4px;font:size18px;color: white\";>7<\/span> <span style=\"background: #6c5098; padding: 4px;font:size18px;color: white\";>\u00c9tudiants<\/span> <span style=\"background: #6c5098; padding: 4px;font:size18px;color: white\";>Familles<\/span> <span style=\"background: #6c5098; padding: 4px;font:size18px;color: white\";>Passionn\u00e9s<\/span><\/small><\/h3>\r\n<h3><small class=\"emsmall\"><span style=\"background: orange; padding: 4px;font:size18px;color: white;\";><i class=\"fa icon-clock\"><\/i>Nombreuses s\u00e9ances<\/span> <span style=\"background: #6c5098; padding: 4px;font:size18px;color: white;\";><i class=\"fa icon-location-outline\"><\/i>ULB Campus du Solbosch &#8211; B\u00e2timent S, 1050 Bruxelles<\/span> <\/small><\/h3>\r\n<\/td>\r\n\r\n        <\/tr><tr><td col-span=\"2\" style=\"border-bottom: 0px solid #ffffff !important; border-top: 0px solid #ffffff !important; bgcolor: lightyellow; \"\/><\/tr>\r\n<tr onclick=\"window.open('https:\/\/science-expo.be\/')\" class=\"hvr-sink2\">\r\n<td width=\"20%\" style=\"border-bottom: 0px solid #ffffff !important; border-top: 0px solid #ffffff !important; background-image:url(https:\/\/sciences.brussels\/printemps\/wp-content\/uploads\/sites\/2\/2025\/01\/Visuel-Science-EXPO-Printemps-des-Sciences.png); background-repeat:no-repeat; background-size:cover; background-position: center; \" >\r\n\r\n<div class=\"calendrier startdate\" style=\"background: rgba(108, 80, 152, 0.8); padding: 2% 0% 3% 0%;font-size:25px;color: white;text-transform: uppercase;letter-spacing: 1px; width:40px; display:inline-block; text-align:center !important;line-height: 15px;font-weight: bold;\";><small style=\"line-height:2;font-size:12px\" class=\"emsmall\">ven<\/small><br>28 <small class=\"emsmall\"><small class=\"emsmall\"><small class=\"emsmall\"><small class=\"emsmall\">Mar<\/small> <\/small><\/small><\/small><small class=\"emsmall\"><small class=\"emsmall\"><small class=\"emsmall\">2025<\/small><\/small><\/small><\/div>\r\n\r\n<div class=\"calendrier enddate\" style=\"background: rgba(255, 172, 30, 0.8); padding:  2% 0% 3% 0%;font-size:25px;color: white;text-transform: uppercase;letter-spacing: 1px; width:40px; display:inline-block; text-align:center !important;line-height: 15px;font-weight: bold;\";><small style=\"line-height:2;font-size:12px;padding:0 0 5px 0\" class=\"emsmall\">sam<br><\/small>29 <small class=\"emsmall\"><small class=\"emsmall\"><small class=\"emsmall\"><small class=\"emsmall\">Mar <\/small><\/small><\/small><\/small><small class=\"emsmall\"><small class=\"emsmall\"><small class=\"emsmall\">2025<\/small><\/small><\/small><\/div>\r\n\r\n\r\n<\/td><td style=\"border-bottom: 0px solid #ffffff !important; border-top: 0px solid #ffffff !important; bgcolor: lightyellow; \"\/>\r\n<td style=\"border-bottom: 0px solid #ffffff !important; border-top: 0px solid #ffffff !important; bgcolor: lightyellow; \">\r\n\r\n<h3>Exposition des Jeunesses Scientifiques de Belgique <\/h3>\r\n\r\n<h3><small class=\"emsmall\"><span style=\"background: orange; padding: 4px;font:size18px;color: white;text-transform: uppercase;\";>Exposition<\/span> <span style=\"background: #6c5098; padding: 4px;font:size18px;color: white\";>Primaire<\/span> <span style=\"background: #6c5098; padding: 4px;font:size18px;color: white\";>Secondaire<\/span> <span style=\"background: #6c5098; padding: 4px;font:size18px;color: white\";>\u00c9tudiants<\/span> <span style=\"background: #6c5098; padding: 4px;font:size18px;color: white\";>Familles<\/span> <span style=\"background: #6c5098; padding: 4px;font:size18px;color: white\";>Passionn\u00e9s<\/span><\/small><\/h3>\r\n<h3><small class=\"emsmall\"> <span style=\"background: #6c5098; padding: 4px;font:size18px;color: white;\";><i class=\"fa icon-location-outline\"><\/i>Campus UCLouvain Woluwe, 1200 Woluwe-Saint-Lambert<\/span> <\/small><\/h3>\r\n<\/td>\r\n\r\n        <\/tr><tr><td col-span=\"2\" style=\"border-bottom: 0px solid #ffffff !important; border-top: 0px solid #ffffff !important; bgcolor: lightyellow; \"\/><\/tr>\r\n<\/table>\r\n<!-- <form class=\"returnbutton\">\r\n  <input type=\"button\" value=\"Retour\" onclick=\"history.back()\">\r\n<\/form>\r\n--!><\/div>\n","protected":false},"excerpt":{"rendered":"<p>lun24 Mar 2025 dim30 Mar 2025 Ateliers et visites pour le fondamental Ateliers Maternel3 Primaire123456 Nombreuses s\u00e9ances Diff\u00e9rents lieux \u00e0 Bruxelles lun24 Mar 2025 dim30 Mar 2025 Ateliers, visites et conf\u00e9rences pour le secondaire Ateliers Secondaire1234567 Nombreuses s\u00e9ances Diff\u00e9rents lieux \u00e0 Bruxelles lun24 Mar 2025 dim30 Mar 2025 Exposition des Sciences 2025 : Eau-r\u00eaka Exposition&hellip;<\/p>\n","protected":false},"author":10,"featured_media":0,"parent":0,"menu_order":0,"comment_status":"closed","ping_status":"closed","template":"","meta":{"footnotes":""},"class_list":["post-6849","page","type-page","status-publish","hentry","description-off"],"_links":{"self":[{"href":"https:\/\/sciences.brussels\/printemps\/wp-json\/wp\/v2\/pages\/6849"}],"collection":[{"href":"https:\/\/sciences.brussels\/printemps\/wp-json\/wp\/v2\/pages"}],"about":[{"href":"https:\/\/sciences.brussels\/printemps\/wp-json\/wp\/v2\/types\/page"}],"author":[{"embeddable":true,"href":"https:\/\/sciences.brussels\/printemps\/wp-json\/wp\/v2\/users\/10"}],"replies":[{"embeddable":true,"href":"https:\/\/sciences.brussels\/printemps\/wp-json\/wp\/v2\/comments?post=6849"}],"version-history":[{"count":3,"href":"https:\/\/sciences.brussels\/printemps\/wp-json\/wp\/v2\/pages\/6849\/revisions"}],"predecessor-version":[{"id":6852,"href":"https:\/\/sciences.brussels\/printemps\/wp-json\/wp\/v2\/pages\/6849\/revisions\/6852"}],"wp:attachment":[{"href":"https:\/\/sciences.brussels\/printemps\/wp-json\/wp\/v2\/media?parent=6849"}],"curies":[{"name":"wp","href":"https:\/\/api.w.org\/{rel}","templated":true}]}}