{"id":59,"date":"2015-05-22T14:48:32","date_gmt":"2015-05-22T13:48:32","guid":{"rendered":"https:\/\/inforsciences8.ulb.ac.be\/pds2\/?page_id=59"},"modified":"2016-04-15T12:39:48","modified_gmt":"2016-04-15T11:39:48","slug":"2015-2","status":"publish","type":"page","link":"https:\/\/sciences.brussels\/printemps\/2015-2\/","title":{"rendered":"L&rsquo;\u00e9dition 2015 : La lumi\u00e8re"},"content":{"rendered":"<div class=\"wpb-content-wrapper\">[vc_row margin_top=\u00a0\u00bb0&Prime; margin_bottom=\u00a0\u00bb0&Prime; full_width=\u00a0\u00bb\u00a0\u00bb padding_left=\u00a0\u00bb0&Prime; padding_right=\u00a0\u00bb0&Prime; animation=\u00a0\u00bb\u00a0\u00bb type=\u00a0\u00bb\u00a0\u00bb bg_color=\u00a0\u00bb\u00a0\u00bb bg_position=\u00a0\u00bbtop\u00a0\u00bb bg_repeat=\u00a0\u00bbno-repeat\u00a0\u00bb bg_cover=\u00a0\u00bbfalse\u00a0\u00bb bg_attachment=\u00a0\u00bbfalse\u00a0\u00bb padding_top=\u00a0\u00bb0&Prime; padding_bottom=\u00a0\u00bb0&Prime; enable_parallax=\u00a0\u00bb\u00a0\u00bb parallax_speed=\u00a0\u00bb0.1&Prime; bg_video_src_mp4=\u00a0\u00bb\u00a0\u00bb bg_video_src_ogv=\u00a0\u00bb\u00a0\u00bb bg_video_src_webm=\u00a0\u00bb\u00a0\u00bb bg_type=\u00a0\u00bb\u00a0\u00bb parallax_style=\u00a0\u00bb\u00a0\u00bb bg_image_new=\u00a0\u00bb\u00a0\u00bb layer_image=\u00a0\u00bb\u00a0\u00bb bg_image_repeat=\u00a0\u00bb\u00a0\u00bb bg_image_size=\u00a0\u00bb\u00a0\u00bb bg_cstm_size=\u00a0\u00bb\u00a0\u00bb bg_img_attach=\u00a0\u00bb\u00a0\u00bb parallax_sense=\u00a0\u00bb\u00a0\u00bb bg_image_posiiton=\u00a0\u00bb\u00a0\u00bb animation_direction=\u00a0\u00bb\u00a0\u00bb animation_repeat=\u00a0\u00bb\u00a0\u00bb video_url=\u00a0\u00bb\u00a0\u00bb video_url_2=\u00a0\u00bb\u00a0\u00bb u_video_url=\u00a0\u00bb\u00a0\u00bb video_opts=\u00a0\u00bb\u00a0\u00bb video_poster=\u00a0\u00bb\u00a0\u00bb u_start_time=\u00a0\u00bb\u00a0\u00bb u_stop_time=\u00a0\u00bb\u00a0\u00bb viewport_vdo=\u00a0\u00bb\u00a0\u00bb enable_controls=\u00a0\u00bb\u00a0\u00bb bg_override=\u00a0\u00bb\u00a0\u00bb disable_on_mobile_img_parallax=\u00a0\u00bb\u00a0\u00bb parallax_content=\u00a0\u00bb\u00a0\u00bb parallax_content_sense=\u00a0\u00bb\u00a0\u00bb fadeout_row=\u00a0\u00bb\u00a0\u00bb fadeout_start_effect=\u00a0\u00bb\u00a0\u00bb enable_overlay=\u00a0\u00bb\u00a0\u00bb overlay_color=\u00a0\u00bb\u00a0\u00bb overlay_pattern=\u00a0\u00bb\u00a0\u00bb overlay_pattern_opacity=\u00a0\u00bb\u00a0\u00bb overlay_pattern_size=\u00a0\u00bb\u00a0\u00bb overlay_pattern_attachment=\u00a0\u00bb\u00a0\u00bb multi_color_overlay=\u00a0\u00bb\u00a0\u00bb multi_color_overlay_opacity=\u00a0\u00bb\u00a0\u00bb seperator_enable=\u00a0\u00bb\u00a0\u00bb seperator_type=\u00a0\u00bb\u00a0\u00bb seperator_position=\u00a0\u00bb\u00a0\u00bb seperator_shape_size=\u00a0\u00bb\u00a0\u00bb seperator_svg_height=\u00a0\u00bb\u00a0\u00bb seperator_shape_background=\u00a0\u00bb\u00a0\u00bb seperator_shape_border=\u00a0\u00bb\u00a0\u00bb seperator_shape_border_color=\u00a0\u00bb\u00a0\u00bb seperator_shape_border_width=\u00a0\u00bb\u00a0\u00bb icon_type=\u00a0\u00bb\u00a0\u00bb icon=\u00a0\u00bb\u00a0\u00bb icon_size=\u00a0\u00bb\u00a0\u00bb icon_color=\u00a0\u00bb\u00a0\u00bb icon_style=\u00a0\u00bb\u00a0\u00bb icon_color_bg=\u00a0\u00bb\u00a0\u00bb icon_border_style=\u00a0\u00bb\u00a0\u00bb icon_color_border=\u00a0\u00bb\u00a0\u00bb icon_border_size=\u00a0\u00bb\u00a0\u00bb icon_border_radius=\u00a0\u00bb\u00a0\u00bb icon_border_spacing=\u00a0\u00bb\u00a0\u00bb icon_img=\u00a0\u00bb\u00a0\u00bb img_width=\u00a0\u00bb\u00a0\u00bb ult_hide_row=\u00a0\u00bb\u00a0\u00bb ult_hide_row_large_screen=\u00a0\u00bb\u00a0\u00bb ult_hide_row_desktop=\u00a0\u00bb\u00a0\u00bb ult_hide_row_tablet=\u00a0\u00bb\u00a0\u00bb ult_hide_row_tablet_small=\u00a0\u00bb\u00a0\u00bb ult_hide_row_mobile=\u00a0\u00bb\u00a0\u00bb ult_hide_row_mobile_large=\u00a0\u00bb\u00a0\u00bb][vc_column width=\u00a0\u00bb1\/1&Prime; animation=\u00a0\u00bb\u00a0\u00bb][vc_single_image image=\u00a0\u00bb60&Prime; alignment=\u00a0\u00bbcenter\u00a0\u00bb border_color=\u00a0\u00bbgrey\u00a0\u00bb img_link_large=\u00a0\u00bb\u00a0\u00bb img_link_target=\u00a0\u00bb_self\u00a0\u00bb image_hovers=\u00a0\u00bbfalse\u00a0\u00bb img_size=\u00a0\u00bbfull\u00a0\u00bb][vc_column_text css_animation=\u00a0\u00bb\u00a0\u00bb]<strong>2015, d\u00e9clar\u00e9e \u00ab\u00a0Ann\u00e9e internationale de la lumi\u00e8re et des techniques utilisant la lumi\u00e8re\u00a0\u00bb par l&rsquo;Assembl\u00e9e G\u00e9n\u00e9rale des Nations Unies, a \u00e9t\u00e9 l&rsquo;occasion de d\u00e9couvrir et d&rsquo;exp\u00e9rimenter la lumi\u00e8re dans tous ses \u00e9tats. Cette \u00e9dition s&rsquo;est d\u00e9roul\u00e9e du 23 au 29 mars 2015.<\/strong><\/p>\n<div class=\"hr-thin\"><\/div>\n[\/vc_column_text][vc_empty_space height=\u00a0\u00bb32px\u00a0\u00bb][\/vc_column][\/vc_row][vc_row margin_top=\u00a0\u00bb0&Prime; margin_bottom=\u00a0\u00bb0&Prime; full_width=\u00a0\u00bb\u00a0\u00bb padding_left=\u00a0\u00bb0&Prime; padding_right=\u00a0\u00bb0&Prime; animation=\u00a0\u00bb\u00a0\u00bb type=\u00a0\u00bb\u00a0\u00bb bg_color=\u00a0\u00bb\u00a0\u00bb bg_position=\u00a0\u00bbtop\u00a0\u00bb bg_repeat=\u00a0\u00bbno-repeat\u00a0\u00bb bg_cover=\u00a0\u00bbfalse\u00a0\u00bb bg_attachment=\u00a0\u00bbfalse\u00a0\u00bb padding_top=\u00a0\u00bb0&Prime; padding_bottom=\u00a0\u00bb0&Prime; enable_parallax=\u00a0\u00bb\u00a0\u00bb parallax_speed=\u00a0\u00bb0.1&Prime; bg_video_src_mp4=\u00a0\u00bb\u00a0\u00bb bg_video_src_ogv=\u00a0\u00bb\u00a0\u00bb bg_video_src_webm=\u00a0\u00bb\u00a0\u00bb bg_type=\u00a0\u00bb\u00a0\u00bb parallax_style=\u00a0\u00bb\u00a0\u00bb bg_image_new=\u00a0\u00bb\u00a0\u00bb layer_image=\u00a0\u00bb\u00a0\u00bb bg_image_repeat=\u00a0\u00bb\u00a0\u00bb bg_image_size=\u00a0\u00bb\u00a0\u00bb bg_cstm_size=\u00a0\u00bb\u00a0\u00bb bg_img_attach=\u00a0\u00bb\u00a0\u00bb parallax_sense=\u00a0\u00bb\u00a0\u00bb bg_image_posiiton=\u00a0\u00bb\u00a0\u00bb animation_direction=\u00a0\u00bb\u00a0\u00bb animation_repeat=\u00a0\u00bb\u00a0\u00bb video_url=\u00a0\u00bb\u00a0\u00bb video_url_2=\u00a0\u00bb\u00a0\u00bb u_video_url=\u00a0\u00bb\u00a0\u00bb video_opts=\u00a0\u00bb\u00a0\u00bb video_poster=\u00a0\u00bb\u00a0\u00bb u_start_time=\u00a0\u00bb\u00a0\u00bb u_stop_time=\u00a0\u00bb\u00a0\u00bb viewport_vdo=\u00a0\u00bb\u00a0\u00bb enable_controls=\u00a0\u00bb\u00a0\u00bb bg_override=\u00a0\u00bb\u00a0\u00bb disable_on_mobile_img_parallax=\u00a0\u00bb\u00a0\u00bb parallax_content=\u00a0\u00bb\u00a0\u00bb parallax_content_sense=\u00a0\u00bb\u00a0\u00bb fadeout_row=\u00a0\u00bb\u00a0\u00bb fadeout_start_effect=\u00a0\u00bb\u00a0\u00bb enable_overlay=\u00a0\u00bb\u00a0\u00bb overlay_color=\u00a0\u00bb\u00a0\u00bb overlay_pattern=\u00a0\u00bb\u00a0\u00bb overlay_pattern_opacity=\u00a0\u00bb\u00a0\u00bb overlay_pattern_size=\u00a0\u00bb\u00a0\u00bb overlay_pattern_attachment=\u00a0\u00bb\u00a0\u00bb multi_color_overlay=\u00a0\u00bb\u00a0\u00bb multi_color_overlay_opacity=\u00a0\u00bb\u00a0\u00bb seperator_enable=\u00a0\u00bb\u00a0\u00bb seperator_type=\u00a0\u00bb\u00a0\u00bb seperator_position=\u00a0\u00bb\u00a0\u00bb seperator_shape_size=\u00a0\u00bb\u00a0\u00bb seperator_svg_height=\u00a0\u00bb\u00a0\u00bb seperator_shape_background=\u00a0\u00bb\u00a0\u00bb seperator_shape_border=\u00a0\u00bb\u00a0\u00bb seperator_shape_border_color=\u00a0\u00bb\u00a0\u00bb seperator_shape_border_width=\u00a0\u00bb\u00a0\u00bb icon_type=\u00a0\u00bb\u00a0\u00bb icon=\u00a0\u00bb\u00a0\u00bb icon_size=\u00a0\u00bb\u00a0\u00bb icon_color=\u00a0\u00bb\u00a0\u00bb icon_style=\u00a0\u00bb\u00a0\u00bb icon_color_bg=\u00a0\u00bb\u00a0\u00bb icon_border_style=\u00a0\u00bb\u00a0\u00bb icon_color_border=\u00a0\u00bb\u00a0\u00bb icon_border_size=\u00a0\u00bb\u00a0\u00bb icon_border_radius=\u00a0\u00bb\u00a0\u00bb icon_border_spacing=\u00a0\u00bb\u00a0\u00bb icon_img=\u00a0\u00bb\u00a0\u00bb img_width=\u00a0\u00bb\u00a0\u00bb ult_hide_row=\u00a0\u00bb\u00a0\u00bb ult_hide_row_large_screen=\u00a0\u00bb\u00a0\u00bb ult_hide_row_desktop=\u00a0\u00bb\u00a0\u00bb ult_hide_row_tablet=\u00a0\u00bb\u00a0\u00bb ult_hide_row_tablet_small=\u00a0\u00bb\u00a0\u00bb ult_hide_row_mobile=\u00a0\u00bb\u00a0\u00bb ult_hide_row_mobile_large=\u00a0\u00bb\u00a0\u00bb][vc_column width=\u00a0\u00bb1\/3&Prime; animation=\u00a0\u00bb\u00a0\u00bb][vc_column_text css_animation=\u00a0\u00bb\u00a0\u00bb]\n<h5>Ateliers<\/h5>\n<h3>Activit\u00e9s exp\u00e9rimentales<\/h3>\n<h5><\/h5>\n[\/vc_column_text][vc_single_image image=\u00a0\u00bb44&Prime; style=\u00a0\u00bbvc_box_shadow_3d\u00a0\u00bb border_color=\u00a0\u00bbgrey\u00a0\u00bb img_link_large=\u00a0\u00bb\u00a0\u00bb img_link_target=\u00a0\u00bb_self\u00a0\u00bb image_hovers=\u00a0\u00bbtrue\u00a0\u00bb img_size=\u00a0\u00bbfull\u00a0\u00bb][vc_column_text]\n<h6>Du lundi 23 au vendredi 27 mars 2015<br \/>\nDiff\u00e9rents campus de l&rsquo;ULB et d&rsquo;autres lieux \u00e0 Bruxelles<\/h6>\n<p>Manipuler soi-m\u00eame pour appr\u00e9hender la d\u00e9marche scientifique, telle est la philosophie de ces ateliers propos\u00e9s aux groupes scolaires de l&rsquo;enseignement fondamental et secondaire lors du Printemps des Sciences. Certains ateliers ont par ailleurs \u00e9t\u00e9 propos\u00e9s au grand-public le mercredi apr\u00e8s-midi dans un format \u00ab\u00a0tandem\u00a0\u00bb avec les parents.<\/p>\n<p>Choisissez un public pour voir la liste des activit\u00e9s qui \u00e9taient propos\u00e9es :<\/p>\n<a href=\"http:\/\/enseignement-fondamental\" class=\"su-button su-button-style-flat su-button-wide\" style=\"color:#FFFFFF;background-color:#6c5098;border-color:#57407a;border-radius:0px\" target=\"_self\"><span style=\"color:#FFFFFF;padding:6px 16px;font-size:13px;line-height:20px;border-color:#9985b7;border-radius:0px;text-shadow:none\"><i class=\"sui sui-arrow-circle-right\" style=\"font-size:13px;color:#FFFFFF\"><\/i> Enseignement fondamental<\/span><\/a><a href=\"http:\/\/enseignement-secondaire\" class=\"su-button su-button-style-flat su-button-wide\" style=\"color:#FFFFFF;background-color:#6c5098;border-color:#57407a;border-radius:0px\" target=\"_self\"><span style=\"color:#FFFFFF;padding:6px 16px;font-size:13px;line-height:20px;border-color:#9985b7;border-radius:0px;text-shadow:none\"><i class=\"sui sui-arrow-circle-right\" style=\"font-size:13px;color:#FFFFFF\"><\/i> Enseignement secondaire<\/span><\/a><a href=\"http:\/\/grand-public\" class=\"su-button su-button-style-flat su-button-wide\" style=\"color:#FFFFFF;background-color:#6c5098;border-color:#57407a;border-radius:0px\" target=\"_self\"><span style=\"color:#FFFFFF;padding:6px 16px;font-size:13px;line-height:20px;border-color:#9985b7;border-radius:0px;text-shadow:none\"><i class=\"sui sui-arrow-circle-right\" style=\"font-size:13px;color:#FFFFFF\"><\/i> Grand-public<\/span><\/a>\n<p class=\" justify\">\n<div class=\"hr-thin\"><\/div>\n[\/vc_column_text][vc_empty_space height=\u00a0\u00bb32px\u00a0\u00bb][vc_column_text css_animation=\u00a0\u00bb\u00a0\u00bb]\n<h5>Spectacle<\/h5>\n<h3>L&rsquo;Ampoule<\/h3>\n<h5><\/h5>\n[\/vc_column_text][vc_single_image image=\u00a0\u00bb84&Prime; style=\u00a0\u00bbvc_box_shadow_3d\u00a0\u00bb border_color=\u00a0\u00bbgrey\u00a0\u00bb img_link_large=\u00a0\u00bb\u00a0\u00bb img_link_target=\u00a0\u00bb_self\u00a0\u00bb image_hovers=\u00a0\u00bbtrue\u00a0\u00bb img_size=\u00a0\u00bbfull\u00a0\u00bb][vc_column_text]\n<h6>Mercredi 25 mars 2015 \u00e0 10h<br \/>\nULB Campus du Solbosch, b\u00e2timent S, Salle Dupr\u00e9el, 44 avenue Jeanne, 1050 Bruxelles<\/h6>\n<p>Spectacle jeune public (d\u00e8s 10 ans), dr\u00f4le et s\u00e9rieux \u00e0 la fois, autour des probl\u00e9matiques de l&rsquo;\u00e9nergie durable et de l&rsquo;obsolescence programm\u00e9e.<\/p>\n<div class=\"hr-thin\"><\/div>\n[\/vc_column_text][vc_empty_space height=\u00a0\u00bb32px\u00a0\u00bb][vc_column_text css_animation=\u00a0\u00bb\u00a0\u00bb]\n<h5>\u00c9v\u00e9nement<\/h5>\n<h3>Cycle de conf\u00e9rences<\/h3>\n<h5><\/h5>\n[\/vc_column_text][vc_single_image image=\u00a0\u00bb86&Prime; style=\u00a0\u00bbvc_box_shadow_3d\u00a0\u00bb border_color=\u00a0\u00bbgrey\u00a0\u00bb img_link_large=\u00a0\u00bb\u00a0\u00bb img_link_target=\u00a0\u00bb_self\u00a0\u00bb image_hovers=\u00a0\u00bbtrue\u00a0\u00bb img_size=\u00a0\u00bbfull\u00a0\u00bb][vc_column_text]\n<h6>Du lundi 23 mars au vendredi 27 mars 2015<br \/>\nULB Campus du Solbosch<\/h6>\n<p>Une s\u00e9rie de conf\u00e9rences ont \u00e9t\u00e9 propos\u00e9es durant la semaine du Printemps des Sciences. Des ordinateurs du futur aux m\u00e9t\u00e9orites en Antarctique, en passant par l&rsquo;\u00e9clipse du 20 mars 2015, les chercheurs de l&rsquo;ULB ont pr\u00e9sent\u00e9 la recherche en action. Une conf\u00e9rence d\u00e9bat sur le th\u00e8me\u00a0<em>Comment penser le futur de l&rsquo;alimentation ?<\/em>\u00a0a permis d&rsquo;ouvrir le d\u00e9bat sur la th\u00e9matique qui sera abord\u00e9e lors du Printemps des Sciences 2016.<\/p>\n<a href=\"http:\/\/conferences\" class=\"su-button su-button-style-flat su-button-wide\" style=\"color:#FFFFFF;background-color:#6c5098;border-color:#57407a;border-radius:0px\" target=\"_self\"><span style=\"color:#FFFFFF;padding:6px 16px;font-size:13px;line-height:20px;border-color:#9985b7;border-radius:0px;text-shadow:none\"><i class=\"sui sui-plus-square\" style=\"font-size:13px;color:#FFFFFF\"><\/i> En savoir plus<\/span><\/a>\n<div class=\"hr-thin\"><\/div>\n[\/vc_column_text][\/vc_column][vc_column width=\u00a0\u00bb1\/3&Prime; animation=\u00a0\u00bb\u00a0\u00bb][vc_column_text css_animation=\u00a0\u00bb\u00a0\u00bb]\n<h5>Exposition<\/h5>\n<h3>Exposition des Sciences<\/h3>\n<h5><\/h5>\n[\/vc_column_text][vc_single_image image=\u00a0\u00bb64&Prime; style=\u00a0\u00bbvc_box_shadow_3d\u00a0\u00bb border_color=\u00a0\u00bbgrey\u00a0\u00bb img_link_large=\u00a0\u00bb\u00a0\u00bb img_link_target=\u00a0\u00bb_self\u00a0\u00bb image_hovers=\u00a0\u00bbtrue\u00a0\u00bb img_size=\u00a0\u00bbfull\u00a0\u00bb][vc_column_text]\n<h6>Du lundi 23 au dimanche 29 mars 2015<br \/>\nULB Campus du Solbosch, b\u00e2timent S, 44 avenue Jeanne, 1050 Bruxelles<\/h6>\n<p class=\" justify\">Dans le cadre de l&rsquo;Ann\u00e9e Internationale de la Lumi\u00e8re, les \u00e9tudiants de l&rsquo;ULB et des Hautes \u00c9coles, fers de lance de cette activit\u00e9, ont r\u00e9alis\u00e9 des projets mettant en \u00e9vidence les diff\u00e9rentes implications de celle-ci dans les sciences d&rsquo;hier et d&rsquo;aujourd&rsquo;hui. Rencontrez des jeunes scientifiques et d\u00e9couvrez avec eux leurs projets.<\/p>\n<p class=\" justify\"><a href=\"http:\/\/exposition-des-sciences\" class=\"su-button su-button-style-flat su-button-wide\" style=\"color:#FFFFFF;background-color:#6c5098;border-color:#57407a;border-radius:0px\" target=\"_self\"><span style=\"color:#FFFFFF;padding:6px 16px;font-size:13px;line-height:20px;border-color:#9985b7;border-radius:0px;text-shadow:none\"><i class=\"sui sui-plus-square\" style=\"font-size:13px;color:#FFFFFF\"><\/i> En savoir plus<\/span><\/a>\n<p class=\" justify\">\n<div class=\"hr-thin\"><\/div>\n[\/vc_column_text][vc_empty_space height=\u00a0\u00bb32px\u00a0\u00bb][vc_column_text css_animation=\u00a0\u00bb\u00a0\u00bb]\n<h5>\u00c9v\u00e9nement<\/h5>\n<h3>Ma th\u00e8se en 180 secondes<\/h3>\n<h5><\/h5>\n[\/vc_column_text][vc_single_image image=\u00a0\u00bb85&Prime; style=\u00a0\u00bbvc_box_shadow_3d\u00a0\u00bb border_color=\u00a0\u00bbgrey\u00a0\u00bb img_link_large=\u00a0\u00bb\u00a0\u00bb img_link_target=\u00a0\u00bb_self\u00a0\u00bb image_hovers=\u00a0\u00bbtrue\u00a0\u00bb img_size=\u00a0\u00bbfull\u00a0\u00bb][vc_column_text]\n<h6>Samedi 28 mars 2015 \u00e0 14h<br \/>\nULB Campus du Solbosch, b\u00e2timent S, Salle Dupr\u00e9el, 44 avenue Jeanne, 1050 Bruxelles<\/h6>\n<p class=\" justify\">11 chercheurs de l\u2019ULB ont relev\u00e9 le d\u00e9fi de vous faire comprendre leurs sujets de recherche en 3 minutes seulement ! Cette activit\u00e9 s&rsquo;inscrit dans le cadre d&rsquo;un concours international de vulgarisation scientifique \u201cMa th\u00e8se en 180 secondes\u201d qui vise \u00e0 am\u00e9liorer la communication entre les scientifiques et le grand public.<\/p>\n<p class=\" justify\">Vous avez eu l&rsquo;occasion d&rsquo;assister \u00e0 leur pr\u00e9sentation et de voter pour votre candidat favori lors de la finale interne de l\u2019ULB.<\/p>\n<p class=\" justify\"><a href=\"http:\/\/mt180-2015\" class=\"su-button su-button-style-flat su-button-wide\" style=\"color:#FFFFFF;background-color:#6c5098;border-color:#57407a;border-radius:0px\" target=\"_self\"><span style=\"color:#FFFFFF;padding:6px 16px;font-size:13px;line-height:20px;border-color:#9985b7;border-radius:0px;text-shadow:none\"><i class=\"sui sui-plus-square\" style=\"font-size:13px;color:#FFFFFF\"><\/i> En savoir plus<\/span><\/a>\n<p class=\" justify\">\n<div class=\"hr-thin\"><\/div>\n[\/vc_column_text][vc_empty_space height=\u00a0\u00bb32px\u00a0\u00bb][vc_column_text css_animation=\u00a0\u00bb\u00a0\u00bb]\n<h5>\u00c9v\u00e9nement<\/h5>\n<h3>Festival du Film Scientifique de Bruxelles<\/h3>\n<h5><\/h5>\n[\/vc_column_text][vc_single_image image=\u00a0\u00bb215&Prime; style=\u00a0\u00bbvc_box_shadow_3d\u00a0\u00bb border_color=\u00a0\u00bbgrey\u00a0\u00bb img_link_large=\u00a0\u00bb\u00a0\u00bb img_link_target=\u00a0\u00bb_self\u00a0\u00bb image_hovers=\u00a0\u00bbtrue\u00a0\u00bb img_size=\u00a0\u00bbmedium\u00a0\u00bb link=\u00a0\u00bbhttp:\/\/www.ffsbxl.be\u00a0\u00bb][vc_column_text css_animation=\u00a0\u00bb\u00a0\u00bb]\n<h6>Du 23 au 28 mars 2015<br \/>\nULB Campus du Solbosch, b\u00e2timent S, 44 avenue Jeanne, 1050 Bruxelles<\/h6>\n<p class=\" justify\">En marge du Printemps des Sciences, le Cercle des Sciences de l&rsquo;ULB vous a propos\u00e9 la 5e \u00e9dition du Festival du Film Scientifique de Bruxelles avec des projections de film gratuites pour tous en soir\u00e9e ainsi que pour les \u00e9coles en journ\u00e9e, dans une salle attenante \u00e0 l&rsquo;Exposition des Sciences.<\/p>\n<p class=\" justify\">\n<div class=\"hr-thin\"><\/div>\n[\/vc_column_text][\/vc_column][vc_column width=\u00a0\u00bb1\/3&Prime; animation=\u00a0\u00bb\u00a0\u00bb][vc_column_text css_animation=\u00a0\u00bb\u00a0\u00bb]\n<h5>Exposition<\/h5>\n<h3>LumineSciences<\/h3>\n<h5><\/h5>\n[\/vc_column_text][vc_single_image image=\u00a0\u00bb83&Prime; style=\u00a0\u00bbvc_box_shadow_3d\u00a0\u00bb border_color=\u00a0\u00bbgrey\u00a0\u00bb img_link_large=\u00a0\u00bb\u00a0\u00bb img_link_target=\u00a0\u00bb_self\u00a0\u00bb image_hovers=\u00a0\u00bbtrue\u00a0\u00bb img_size=\u00a0\u00bbfull\u00a0\u00bb][vc_column_text css_animation=\u00a0\u00bb\u00a0\u00bb]\n<h6>Du 23 au 29 mars 2015<br \/>\nULB Campus du Solbosch, b\u00e2timent S, 44 avenue Jeanne, 1050 Bruxelles<\/h6>\n<p>Que serions-nous sans la lumi\u00e8re qui nous vient du Soleil ? Elle est notre principale source d\u2019\u00e9nergie.\u00a0Mais la lumi\u00e8re c\u2019est \u00e9galement notre principal moyen de conna\u00eetre le monde et notre univers : de la microscopie \u00e9lectronique au Tr\u00e8s Grand T\u00e9lescope, elle est au c\u0153ur de la recherche de pointe.\u00a0Les visiteurs ont eut l&rsquo;occasion d&rsquo;en voir\u00a0de toutes les couleurs avec les exp\u00e9riences et d\u00e9monstrations de chimie, de physique, d\u2019astronomie, de biologie.<\/p>\n<div class=\"hr-thin\"><\/div>\n[\/vc_column_text][vc_empty_space height=\u00a0\u00bb32px\u00a0\u00bb][vc_column_text css_animation=\u00a0\u00bb\u00a0\u00bb]\n<h5>Animations<\/h5>\n<h3>L&rsquo;universit\u00e9 des enfants<\/h3>\n<h5><\/h5>\n[\/vc_column_text][vc_single_image image=\u00a0\u00bb43&Prime; style=\u00a0\u00bbvc_box_shadow_3d\u00a0\u00bb border_color=\u00a0\u00bbgrey\u00a0\u00bb img_link_large=\u00a0\u00bb\u00a0\u00bb img_link_target=\u00a0\u00bb_self\u00a0\u00bb image_hovers=\u00a0\u00bbtrue\u00a0\u00bb img_size=\u00a0\u00bbfull\u00a0\u00bb][vc_column_text]\n<h6>Dimanche 29 mars 2015 de 11 \u00e0 17h<br \/>\nULB Campus du Solbosch, b\u00e2timent S, 44 avenue Jeanne, 1050 Bruxelles<\/h6>\n<p class=\" justify\">Il n&rsquo;est jamais trop t\u00f4t pour \u00e9prouver le plaisir de d\u00e9couvrir par soi-m\u00eame les ph\u00e9nom\u00e8nes de la nature. Une s\u00e9rie d&rsquo;exp\u00e9riences de physique, chimie et biologie, \u00e0 la port\u00e9e des enfants n&rsquo;ont pas manqu\u00e9 de r\u00e9jouir les petits mais \u00e9galement les grands qui les accompagnaient.<\/p>\n<p class=\" justify\"><a href=\"http:\/\/universite-des-enfants\" class=\"su-button su-button-style-flat su-button-wide\" style=\"color:#FFFFFF;background-color:#6c5098;border-color:#57407a;border-radius:0px\" target=\"_self\"><span style=\"color:#FFFFFF;padding:6px 16px;font-size:13px;line-height:20px;border-color:#9985b7;border-radius:0px;text-shadow:none\"><i class=\"sui sui-plus-square\" style=\"font-size:13px;color:#FFFFFF\"><\/i> En savoir plus<\/span><\/a>\n<p class=\" justify\">\n<div class=\"hr-thin\"><\/div>\n[\/vc_column_text][vc_empty_space height=\u00a0\u00bb32px\u00a0\u00bb][vc_column_text css_animation=\u00a0\u00bb\u00a0\u00bb]\n<h5>Animations<\/h5>\n<h3>Schaerbeek en Sciences<\/h3>\n<h5><\/h5>\n[\/vc_column_text][vc_single_image image=\u00a0\u00bb333&Prime; style=\u00a0\u00bbvc_box_shadow_3d\u00a0\u00bb border_color=\u00a0\u00bbgrey\u00a0\u00bb img_link_large=\u00a0\u00bb\u00a0\u00bb img_link_target=\u00a0\u00bb_self\u00a0\u00bb image_hovers=\u00a0\u00bbtrue\u00a0\u00bb][vc_column_text css_animation=\u00a0\u00bb\u00a0\u00bb]\n<h6>Samedi 28 mars 2015 de 14 \u00e0 18h<br \/>\nEspace Vogler, 38 rue Vogler, 1030 Bruxelles<\/h6>\n<p class=\" justify\">Des animations scientifiques pour les familles ont \u00e9t\u00e9\u00a0propos\u00e9es le samedi apr\u00e8s-midi par Les Petits D\u00e9brouillards, des \u00e9tudiants de Defr\u00e9 et de l&rsquo;ULB.<\/p>\n<p class=\" justify\">\n<div class=\"hr-thin\"><\/div>\n[\/vc_column_text][\/vc_column][\/vc_row]\n<\/div>","protected":false},"excerpt":{"rendered":"<p>[vc_row margin_top=\u00a0\u00bb0&Prime; margin_bottom=\u00a0\u00bb0&Prime; full_width=\u00a0\u00bb\u00a0\u00bb padding_left=\u00a0\u00bb0&Prime; padding_right=\u00a0\u00bb0&Prime; animation=\u00a0\u00bb\u00a0\u00bb type=\u00a0\u00bb\u00a0\u00bb bg_color=\u00a0\u00bb\u00a0\u00bb bg_position=\u00a0\u00bbtop\u00a0\u00bb bg_repeat=\u00a0\u00bbno-repeat\u00a0\u00bb bg_cover=\u00a0\u00bbfalse\u00a0\u00bb bg_attachment=\u00a0\u00bbfalse\u00a0\u00bb padding_top=\u00a0\u00bb0&Prime; padding_bottom=\u00a0\u00bb0&Prime; enable_parallax=\u00a0\u00bb\u00a0\u00bb parallax_speed=\u00a0\u00bb0.1&Prime; bg_video_src_mp4=\u00a0\u00bb\u00a0\u00bb bg_video_src_ogv=\u00a0\u00bb\u00a0\u00bb bg_video_src_webm=\u00a0\u00bb\u00a0\u00bb bg_type=\u00a0\u00bb\u00a0\u00bb parallax_style=\u00a0\u00bb\u00a0\u00bb bg_image_new=\u00a0\u00bb\u00a0\u00bb layer_image=\u00a0\u00bb\u00a0\u00bb bg_image_repeat=\u00a0\u00bb\u00a0\u00bb bg_image_size=\u00a0\u00bb\u00a0\u00bb bg_cstm_size=\u00a0\u00bb\u00a0\u00bb bg_img_attach=\u00a0\u00bb\u00a0\u00bb parallax_sense=\u00a0\u00bb\u00a0\u00bb bg_image_posiiton=\u00a0\u00bb\u00a0\u00bb animation_direction=\u00a0\u00bb\u00a0\u00bb animation_repeat=\u00a0\u00bb\u00a0\u00bb video_url=\u00a0\u00bb\u00a0\u00bb video_url_2=\u00a0\u00bb\u00a0\u00bb u_video_url=\u00a0\u00bb\u00a0\u00bb video_opts=\u00a0\u00bb\u00a0\u00bb video_poster=\u00a0\u00bb\u00a0\u00bb u_start_time=\u00a0\u00bb\u00a0\u00bb u_stop_time=\u00a0\u00bb\u00a0\u00bb viewport_vdo=\u00a0\u00bb\u00a0\u00bb enable_controls=\u00a0\u00bb\u00a0\u00bb bg_override=\u00a0\u00bb\u00a0\u00bb disable_on_mobile_img_parallax=\u00a0\u00bb\u00a0\u00bb parallax_content=\u00a0\u00bb\u00a0\u00bb parallax_content_sense=\u00a0\u00bb\u00a0\u00bb fadeout_row=\u00a0\u00bb\u00a0\u00bb fadeout_start_effect=\u00a0\u00bb\u00a0\u00bb enable_overlay=\u00a0\u00bb\u00a0\u00bb overlay_color=\u00a0\u00bb\u00a0\u00bb overlay_pattern=\u00a0\u00bb\u00a0\u00bb overlay_pattern_opacity=\u00a0\u00bb\u00a0\u00bb overlay_pattern_size=\u00a0\u00bb\u00a0\u00bb overlay_pattern_attachment=\u00a0\u00bb\u00a0\u00bb multi_color_overlay=\u00a0\u00bb\u00a0\u00bb multi_color_overlay_opacity=\u00a0\u00bb\u00a0\u00bb&hellip;<\/p>\n","protected":false},"author":1,"featured_media":0,"parent":0,"menu_order":0,"comment_status":"closed","ping_status":"closed","template":"","meta":{"footnotes":""},"class_list":["post-59","page","type-page","status-publish","hentry","description-off"],"_links":{"self":[{"href":"https:\/\/sciences.brussels\/printemps\/wp-json\/wp\/v2\/pages\/59"}],"collection":[{"href":"https:\/\/sciences.brussels\/printemps\/wp-json\/wp\/v2\/pages"}],"about":[{"href":"https:\/\/sciences.brussels\/printemps\/wp-json\/wp\/v2\/types\/page"}],"author":[{"embeddable":true,"href":"https:\/\/sciences.brussels\/printemps\/wp-json\/wp\/v2\/users\/1"}],"replies":[{"embeddable":true,"href":"https:\/\/sciences.brussels\/printemps\/wp-json\/wp\/v2\/comments?post=59"}],"version-history":[{"count":0,"href":"https:\/\/sciences.brussels\/printemps\/wp-json\/wp\/v2\/pages\/59\/revisions"}],"wp:attachment":[{"href":"https:\/\/sciences.brussels\/printemps\/wp-json\/wp\/v2\/media?parent=59"}],"curies":[{"name":"wp","href":"https:\/\/api.w.org\/{rel}","templated":true}]}}