{"id":41,"date":"2015-05-22T12:34:50","date_gmt":"2015-05-22T10:34:50","guid":{"rendered":"https:\/\/inforsciences8.ulb.ac.be\/pds2\/?page_id=41"},"modified":"2025-01-16T12:46:48","modified_gmt":"2025-01-16T11:46:48","slug":"presse","status":"publish","type":"page","link":"https:\/\/sciences.brussels\/printemps\/presse\/","title":{"rendered":"Presse"},"content":{"rendered":"<div class=\"wpb-content-wrapper\">[vc_row margin_top=\u00a0\u00bb0&Prime; margin_bottom=\u00a0\u00bb0&Prime;][vc_column width=\u00a0\u00bb1\/6&Prime;][vc_single_image image=\u00a0\u00bb42&Prime; alignment=\u00a0\u00bb\u00a0\u00bb style=\u00a0\u00bbvc_box_shadow_border_circle\u00a0\u00bb img_link_large=\u00a0\u00bbyes\u00a0\u00bb][vc_single_image image=\u00a0\u00bb43&Prime; alignment=\u00a0\u00bb\u00a0\u00bb style=\u00a0\u00bbvc_box_shadow_border_circle\u00a0\u00bb img_link_large=\u00a0\u00bbyes\u00a0\u00bb][vc_single_image image=\u00a0\u00bb44&Prime; alignment=\u00a0\u00bb\u00a0\u00bb style=\u00a0\u00bbvc_box_shadow_border_circle\u00a0\u00bb img_link_large=\u00a0\u00bbyes\u00a0\u00bb][\/vc_column][vc_column width=\u00a0\u00bb3\/6&Prime;][vc_custom_heading text=\u00a0\u00bbEn quelques mots &#8230;\u00a0\u00bb google_fonts=\u00a0\u00bbfont_family:Roboto%20Condensed%3A300%2C300italic%2Cregular%2Citalic%2C700%2C700italic|font_style:700%20bold%20regular%3A700%3Anormal\u00a0\u00bb][vc_column_text]\n<p class=\" justify\">Le Printemps des Sciences est la semaine de sensibilisation aux sciences en Communaut\u00e9 fran\u00e7aise de Belgique ayant lieu chaque ann\u00e9e au d\u00e9but du printemps. En une dizaine d&rsquo;ann\u00e9es, il est devenu l&rsquo;\u00e9v\u00e9nement de r\u00e9f\u00e9rence dans le domaine de l&rsquo;\u00e9veil et de la culture scientifique.<\/p>\n<p class=\" justify\">Il a 3 objectifs majeurs :<\/p>\n<ul id=\"list:\">\n<li>\n<p class=\" justify\">rendre \u00e0 la culture scientifique sa place au sein de la culture g\u00e9n\u00e9rale,<\/p>\n<\/li>\n<li>\n<p class=\" justify\">faire d\u00e9couvrir au public les apports de la science, les applications concr\u00e8tes et les enjeux notamment en termes de d\u00e9veloppement \u00e9conomique, de bien-\u00eatre et de cr\u00e9ation d&rsquo;activit\u00e9s nouvelles,<\/p>\n<\/li>\n<li>\n<p class=\" justify\">susciter des vocations en stimulant la curiosit\u00e9 et la cr\u00e9ativit\u00e9 des plus jeunes.<\/p>\n<\/li>\n<\/ul>\n<p class=\" justify\">En pratique c&rsquo;est l&rsquo;occasion de proposer notamment des expositions interactives, des laboratoires et des ateliers ou encore des activit\u00e9s d&rsquo;\u00e9veil scientifique pour les plus jeunes.<\/p>\n<p class=\" justify\">L\u2019organisation se fait par r\u00e9gion et est confi\u00e9e aux diff\u00e9rentes cellules de promotion et de diffusion des sciences d\u00e9pendant des universit\u00e9s de la Communaut\u00e9 Fran\u00e7aise.<\/p>\n[\/vc_column_text][vc_empty_space][vc_custom_heading text=\u00a0\u00bbSp\u00e9cificit\u00e9s de Bruxelles\u00a0\u00bb google_fonts=\u00a0\u00bbfont_family:Roboto%20Condensed%3A300%2C300italic%2Cregular%2Citalic%2C700%2C700italic|font_style:700%20bold%20regular%3A700%3Anormal\u00a0\u00bb][vc_column_text]\n<p class=\" justify\">\u00c0 Bruxelles, c\u2019est <b>INFOR<\/b>SCIENCES, le D\u00e9partement de DIffusion des Sciences de la Facult\u00e9 des Sciences de l\u2019Universit\u00e9 libre de Bruxelles qui coordonne les diff\u00e9rents \u00e9v\u00e9nements.<\/p>\n<p class=\" justify\">Chaque ann\u00e9e, nous faisons en sorte que les activit\u00e9s encadr\u00e9es propos\u00e9es aux \u00e9coles soient toutes exp\u00e9rimentales.<\/p>\n<p class=\" justify\">L\u2019Exposition des Sciences, pr\u00e9sentant des projets d\u2019\u00e9tudiants, rentre dans le cadre d\u2019un projet p\u00e9dagogique plus large de communication et de vulgarisation scientifique. Le b\u00e9n\u00e9fice retir\u00e9 de l\u2019\u00e9v\u00e9nement est donc double, pour nos \u00e9tudiants comme pour les visiteurs.<\/p>\n[\/vc_column_text][vc_empty_space][vc_custom_heading text=\u00a0\u00bbEn quelques chiffres &#8230;\u00a0\u00bb google_fonts=\u00a0\u00bbfont_family:Roboto%20Condensed%3A300%2C300italic%2Cregular%2Citalic%2C700%2C700italic|font_style:700%20bold%20regular%3A700%3Anormal\u00a0\u00bb][vc_column_text]\n<p class=\" justify\">Le Printemps des Sciences \u00e0 Bruxelles c&rsquo;est :<\/p>\n<ul id=\"list:\">\n<li>\n<p class=\" justify\">un choix de plus de 50 activit\u00e9s exp\u00e9rimentales de 2h30 en moyenne pour les \u00e9coles,<\/p>\n<\/li>\n<li>\n<p class=\" justify\">plus de 35 projets d&rsquo;\u00e9tudiants \u00e0 l&rsquo;Expo des Sciences,<\/p>\n<\/li>\n<li>\n<p class=\" justify\">des\u00a0expositions,\u00a0des\u00a0conf\u00e9rences, des spectacles, des projections de films, des ateliers, des animations, &#8230;<\/p>\n<\/li>\n<li>\n<p class=\" justify\">soit un total de pr\u00e8s de 12.000 participants annuels aux diverses activit\u00e9s propos\u00e9es gratuitement \u00e0 Bruxelles<\/p>\n<\/li>\n<\/ul>\n[\/vc_column_text][\/vc_column][vc_column width=\u00a0\u00bb2\/6&Prime; css=\u00a0\u00bb.vc_custom_1488381600330{background-color: rgba(255,255,255,0.79) !important;*background-color: rgb(255,255,255) !important;}\u00a0\u00bb][vc_custom_heading text=\u00a0\u00bbContact presse\u00a0\u00bb font_container=\u00a0\u00bbtag:h4|text_align:left\u00a0\u00bb google_fonts=\u00a0\u00bbfont_family:Roboto%20Condensed%3A300%2C300italic%2Cregular%2Citalic%2C700%2C700italic|font_style:700%20bold%20regular%3A700%3Anormal\u00a0\u00bb][vc_custom_heading text=\u00a0\u00bbDocuments \u00e0 t\u00e9l\u00e9charger\u00a0\u00bb font_container=\u00a0\u00bbtag:h4|text_align:left\u00a0\u00bb google_fonts=\u00a0\u00bbfont_family:Roboto%20Condensed%3A300%2C300italic%2Cregular%2Citalic%2C700%2C700italic|font_style:700%20bold%20regular%3A700%3Anormal\u00a0\u00bb el_class=\u00a0\u00bbhidden\u00a0\u00bb][vc_column_text el_class=\u00a0\u00bbhidden\u00a0\u00bb]\n<ul>\n<li><a href=\"https:\/\/sciences.brussels\/printemps2\/download\/pds2018\/programmebruxelles2018.pdf\">Programme Bruxelles en bref<\/a><\/li>\n<li><a href=\"https:\/\/sciences.brussels\/printemps2\/download\/pds2017\/pds2017.m4v\">Mat\u00e9riel vid\u00e9o HD<\/a><\/li>\n<li><a href=\"https:\/\/sciences.brussels\/printemps2\/download\/pds2018\/affichebruxelles2018.pdf\">Affiche HD<\/a><\/li>\n<li><a href=\"https:\/\/sciences.brussels\/printemps2\/download\/pds2018\/logobruxelles2018.eps\">Logo\u00a0HD<\/a><\/li>\n<\/ul>\n[\/vc_column_text][vc_empty_space][vc_custom_heading text=\u00a0\u00bbRetour sur l&rsquo;\u00e9dition 2016&Prime; font_container=\u00a0\u00bbtag:h4|text_align:left\u00a0\u00bb google_fonts=\u00a0\u00bbfont_family:Roboto%20Condensed%3A300%2C300italic%2Cregular%2Citalic%2C700%2C700italic|font_style:700%20bold%20regular%3A700%3Anormal\u00a0\u00bb][vc_video link=\u00a0\u00bbhttps:\/\/www.youtube.com\/watch?v=mXMw9B1rNhM\u00a0\u00bb][vc_empty_space][vc_custom_heading text=\u00a0\u00bbRetour sur l&rsquo;\u00e9dition 2014&Prime; font_container=\u00a0\u00bbtag:h4|text_align:left\u00a0\u00bb google_fonts=\u00a0\u00bbfont_family:Roboto%20Condensed%3A300%2C300italic%2Cregular%2Citalic%2C700%2C700italic|font_style:700%20bold%20regular%3A700%3Anormal\u00a0\u00bb][vc_video link=\u00a0\u00bbhttps:\/\/youtu.be\/3xwemwlyV7E\u00a0\u00bb][\/vc_column][\/vc_row][vc_row margin_top=\u00a0\u00bb0&Prime; margin_bottom=\u00a0\u00bb0&Prime;][vc_column][vc_column_text]\n[\/vc_column_text][\/vc_column][\/vc_row]\n<\/div>","protected":false},"excerpt":{"rendered":"<p>[vc_row margin_top=\u00a0\u00bb0&Prime; margin_bottom=\u00a0\u00bb0&Prime;][vc_column width=\u00a0\u00bb1\/6&Prime;][vc_single_image image=\u00a0\u00bb42&Prime; alignment=\u00a0\u00bb\u00a0\u00bb style=\u00a0\u00bbvc_box_shadow_border_circle\u00a0\u00bb img_link_large=\u00a0\u00bbyes\u00a0\u00bb][vc_single_image image=\u00a0\u00bb43&Prime; alignment=\u00a0\u00bb\u00a0\u00bb style=\u00a0\u00bbvc_box_shadow_border_circle\u00a0\u00bb img_link_large=\u00a0\u00bbyes\u00a0\u00bb][vc_single_image image=\u00a0\u00bb44&Prime; alignment=\u00a0\u00bb\u00a0\u00bb style=\u00a0\u00bbvc_box_shadow_border_circle\u00a0\u00bb img_link_large=\u00a0\u00bbyes\u00a0\u00bb][\/vc_column][vc_column width=\u00a0\u00bb3\/6&Prime;][vc_custom_heading text=\u00a0\u00bbEn quelques mots &#8230;\u00a0\u00bb google_fonts=\u00a0\u00bbfont_family:Roboto%20Condensed%3A300%2C300italic%2Cregular%2Citalic%2C700%2C700italic|font_style:700%20bold%20regular%3A700%3Anormal\u00a0\u00bb][vc_column_text] Le Printemps des Sciences est la semaine de sensibilisation aux sciences en Communaut\u00e9 fran\u00e7aise de Belgique ayant lieu chaque ann\u00e9e au d\u00e9but du printemps. En une dizaine d&rsquo;ann\u00e9es, il est devenu l&rsquo;\u00e9v\u00e9nement de&hellip;<\/p>\n","protected":false},"author":1,"featured_media":0,"parent":0,"menu_order":0,"comment_status":"closed","ping_status":"closed","template":"","meta":{"footnotes":""},"class_list":["post-41","page","type-page","status-publish","hentry","description-off"],"_links":{"self":[{"href":"https:\/\/sciences.brussels\/printemps\/wp-json\/wp\/v2\/pages\/41"}],"collection":[{"href":"https:\/\/sciences.brussels\/printemps\/wp-json\/wp\/v2\/pages"}],"about":[{"href":"https:\/\/sciences.brussels\/printemps\/wp-json\/wp\/v2\/types\/page"}],"author":[{"embeddable":true,"href":"https:\/\/sciences.brussels\/printemps\/wp-json\/wp\/v2\/users\/1"}],"replies":[{"embeddable":true,"href":"https:\/\/sciences.brussels\/printemps\/wp-json\/wp\/v2\/comments?post=41"}],"version-history":[{"count":5,"href":"https:\/\/sciences.brussels\/printemps\/wp-json\/wp\/v2\/pages\/41\/revisions"}],"predecessor-version":[{"id":6260,"href":"https:\/\/sciences.brussels\/printemps\/wp-json\/wp\/v2\/pages\/41\/revisions\/6260"}],"wp:attachment":[{"href":"https:\/\/sciences.brussels\/printemps\/wp-json\/wp\/v2\/media?parent=41"}],"curies":[{"name":"wp","href":"https:\/\/api.w.org\/{rel}","templated":true}]}}