{"id":3898,"date":"2021-12-01T12:31:29","date_gmt":"2021-12-01T11:31:29","guid":{"rendered":"https:\/\/sciences.brussels\/printemps\/?page_id=3898"},"modified":"2022-01-31T15:22:09","modified_gmt":"2022-01-31T14:22:09","slug":"pds2021","status":"publish","type":"page","link":"https:\/\/sciences.brussels\/printemps\/pds2021\/","title":{"rendered":"Accueil 2021"},"content":{"rendered":"<div class=\"wpb-content-wrapper\">[vc_row][vc_column width=\u00a0\u00bb2\/3&Prime; css=\u00a0\u00bb.vc_custom_1606320916049{padding-top: 20px !important;padding-right: 20px !important;padding-bottom: 20px !important;padding-left: 20px !important;border-radius: 1px !important;}\u00a0\u00bb][vc_video link=\u00a0\u00bbhttps:\/\/www.youtube.com\/watch?v=C_l7FfqQkUw\u00a0\u00bb][vc_column_text]\n<h2 style=\"text-align: center;\"><a href=\"https:\/\/sciences.brussels\/printemps\/pds2021\/programme\/\"><strong>Voir le programme<\/strong><\/a><\/h2>\n[\/vc_column_text][vc_column_text el_class=\u00a0\u00bbhidden\u00a0\u00bb]<strong>Nous vous donnons dores et d\u00e9j\u00e0 rendez-vous en mars pour la plus grande manifestation scientifique en F\u00e9d\u00e9ration Wallonie-Bruxelles dans une \u00e9dition in\u00e9dite en grande partie virtuelle&#8230; Plus d&rsquo;informations \u00e0 venir sur ce site dans les prochaines semaines.<\/strong>[\/vc_column_text][vc_row_inner css=\u00a0\u00bb.vc_custom_1583397503684{padding-right: 20px !important;padding-left: 20px !important;}\u00a0\u00bb][vc_column_inner width=\u00a0\u00bb1\/3&Prime;][vc_column_text]\n<h3>Une exposition virtuelle de projets \u00e9tudiants &#8230;<\/h3>\n<p>L&rsquo;Exposition des Sciences sera virtuelle cette ann\u00e9e et pr\u00e9sentera, \u00e0 l&rsquo;aide de capsules vid\u00e9os, des projets con\u00e7us par des \u00e9tudiants de l&rsquo;ULB et des Hautes \u00c9coles. L&rsquo;exposition vous propose de d\u00e9couvrir les multiples facettes des diff\u00e9rentes disciplines de la science, \u00e0 travers de nombreuses d\u00e9monstrations et exp\u00e9rimentations, souvent ludiques.[\/vc_column_text][\/vc_column_inner][vc_column_inner width=\u00a0\u00bb1\/3&Prime;][vc_column_text]\n<h3>des activit\u00e9s \u00e0 distance ou en pr\u00e9sentiel&#8230;<\/h3>\n<p>Si d&rsquo;habitude nous faisons la part belle aux activit\u00e9s exp\u00e9rimentales pour les \u00e9coles, cette ann\u00e9e est particuli\u00e8re et une grande partie du programme sera accessible au public et aux \u00e9coles \u00e0 distance, avec ou sans inscription. Suite aux derniers assouplissements dans cette crise sanitaire, certaines activit\u00e9 seront n\u00e9anmoins accessibles en pr\u00e9sentiel ![\/vc_column_text][\/vc_column_inner][vc_column_inner width=\u00a0\u00bb1\/3&Prime;][vc_column_text]\n<h3>&#8230; et bien plus encore \u00e0 d\u00e9couvrir de chez soi<\/h3>\n<p>Conf\u00e9rences et live vid\u00e9os, \u00e9v\u00e9nements, projections de documentaires scientifiques, &#8230; le programme du Printemps des Sciences 2021 sera connect\u00e9.[\/vc_column_text][\/vc_column_inner][\/vc_row_inner][\/vc_column][vc_column width=\u00a0\u00bb1\/3&Prime;][vc_single_image image=\u00a0\u00bb3389&Prime; img_size=\u00a0\u00bblarge\u00a0\u00bb css=\u00a0\u00bb.vc_custom_1611934605699{margin-top: 20px !important;}\u00a0\u00bb][vc_row_inner el_class=\u00a0\u00bbhidden\u00a0\u00bb][vc_column_inner][vc_column_text el_class=\u00a0\u00bbhidden\u00a0\u00bb]\n<h3>Rendez-vous dans<\/h3>\n[\/vc_column_text]<style>#count-down-wrap-9741 .ult_countdown-amount { font-weight:900;font-weight:900;  font-family : Lato;\tcolor: #6c5098; } #count-down-wrap-9741 .ult_countdown-period{font-weight:700;\tcolor: #6c5098;\tfont-family: Lato;}<\/style><div  data-ultimate-target='#count-down-wrap-9741 .ult_countdown-period'  data-responsive-json-new='{\"font-size\":\"desktop:13px;\",\"line-height\":\"\"}'  class=\"ult-responsive ult_countdown  hidden ult-cd-no-border ult-cd-s2\"><div id=\"count-down-wrap-9741\"  class=\"ult-responsive ult_countdown-div ult_countdown-dateAndTime ult-usrtz\" data-labels=\"Years,Mois,Weeks,Jours,Heures,Minutes,Secondes\" data-labels2=\"Year,Mois,Week,Jour,Heure,Minute,Seconde\"  data-terminal-date=\"2020\/03\/23 09:00:00\" data-countformat=\"DHMS\" data-time-zone=\"2\" data-time-now=\"2026\/04\/15 01:37:03\"  data-tick-col=\"#6c5098\"   data-ultimate-target='#count-down-wrap-9741 .ult_countdown-amount'  data-responsive-json-new='{\"font-size\":\"desktop:36px;\",\"line-height\":\"\"}'  data-tick-p-col=\"#6c5098\"  data-tuni-font-family =\"Lato\" data-tick-style=\"font-weight:900;\"  data-tick-p-style=\"\"  data-bg-color=\"\" data-br-radius=\"\" data-padd=\"0\" >2020\/03\/23 09:00:00<\/div><\/div>[\/vc_column_inner][\/vc_row_inner][\/vc_column][\/vc_row][vc_row][vc_column][vc_column_text]\n<p style=\"text-align: left;\"><strong>Le Printemps des Sciences est une semaine de sciences commune \u00e0 toutes les universit\u00e9s francophones de Belgique.<\/strong><\/p>\n[\/vc_column_text][vc_column_text]\n<h3>INFORSCIENCES ULB organise \u00e9galement des activit\u00e9s tout au long de l&rsquo;ann\u00e9e&#8230; <a href=\"https:\/\/sciences.brussels\">D\u00e9couvrez ici notre site web !<\/a><\/h3>\n[\/vc_column_text][\/vc_column][\/vc_row][vc_row][vc_column][\/vc_column][\/vc_row]\n<\/div>","protected":false},"excerpt":{"rendered":"<p>[vc_row][vc_column width=\u00a0\u00bb2\/3&Prime; css=\u00a0\u00bb.vc_custom_1606320916049{padding-top: 20px !important;padding-right: 20px !important;padding-bottom: 20px !important;padding-left: 20px !important;border-radius: 1px !important;}\u00a0\u00bb][vc_video link=\u00a0\u00bbhttps:\/\/www.youtube.com\/watch?v=C_l7FfqQkUw\u00a0\u00bb][vc_column_text] Voir le programme [\/vc_column_text][vc_column_text el_class=\u00a0\u00bbhidden\u00a0\u00bb]Nous vous donnons dores et d\u00e9j\u00e0 rendez-vous en mars pour la plus grande manifestation scientifique en F\u00e9d\u00e9ration Wallonie-Bruxelles dans une \u00e9dition in\u00e9dite en grande partie virtuelle&#8230; Plus d&rsquo;informations \u00e0 venir sur ce site dans les prochaines semaines.[\/vc_column_text][vc_row_inner&hellip;<\/p>\n","protected":false},"author":1,"featured_media":3389,"parent":0,"menu_order":0,"comment_status":"closed","ping_status":"closed","template":"","meta":{"footnotes":""},"class_list":["post-3898","page","type-page","status-publish","has-post-thumbnail","hentry","description-off"],"_links":{"self":[{"href":"https:\/\/sciences.brussels\/printemps\/wp-json\/wp\/v2\/pages\/3898"}],"collection":[{"href":"https:\/\/sciences.brussels\/printemps\/wp-json\/wp\/v2\/pages"}],"about":[{"href":"https:\/\/sciences.brussels\/printemps\/wp-json\/wp\/v2\/types\/page"}],"author":[{"embeddable":true,"href":"https:\/\/sciences.brussels\/printemps\/wp-json\/wp\/v2\/users\/1"}],"replies":[{"embeddable":true,"href":"https:\/\/sciences.brussels\/printemps\/wp-json\/wp\/v2\/comments?post=3898"}],"version-history":[{"count":2,"href":"https:\/\/sciences.brussels\/printemps\/wp-json\/wp\/v2\/pages\/3898\/revisions"}],"predecessor-version":[{"id":4146,"href":"https:\/\/sciences.brussels\/printemps\/wp-json\/wp\/v2\/pages\/3898\/revisions\/4146"}],"wp:featuredmedia":[{"embeddable":true,"href":"https:\/\/sciences.brussels\/printemps\/wp-json\/wp\/v2\/media\/3389"}],"wp:attachment":[{"href":"https:\/\/sciences.brussels\/printemps\/wp-json\/wp\/v2\/media?parent=3898"}],"curies":[{"name":"wp","href":"https:\/\/api.w.org\/{rel}","templated":true}]}}