{"id":3295,"date":"2020-03-12T13:34:59","date_gmt":"2020-03-12T12:34:59","guid":{"rendered":"https:\/\/sciences.brussels\/printemps\/?page_id=3295"},"modified":"2020-03-12T13:47:23","modified_gmt":"2020-03-12T12:47:23","slug":"message-dannulation","status":"publish","type":"page","link":"https:\/\/sciences.brussels\/printemps\/message-dannulation\/","title":{"rendered":"Message d&rsquo;annulation"},"content":{"rendered":"<div class=\"wpb-content-wrapper\">[vc_row type=\u00a0\u00bbvc_default\u00a0\u00bb bg_type=\u00a0\u00bbimage\u00a0\u00bb css=\u00a0\u00bb.vc_custom_1584017238470{padding-right: 30px !important;padding-left: 30px !important;background: rgba(255,255,255,0.53) url(https:\/\/sciences.brussels\/printemps\/wp-content\/uploads\/sites\/2\/2020\/03\/AdobeStock_323337524-scaled.jpeg?id=3291) !important;background-position: center !important;background-repeat: no-repeat !important;background-size: cover !important;*background-color: rgb(255,255,255) !important;}\u00a0\u00bb][vc_column][vc_column_text css=\u00a0\u00bb.vc_custom_1584005412080{padding-top: 30px !important;padding-right: 30px !important;padding-bottom: 30px !important;padding-left: 30px !important;background-color: rgba(255,255,255,0.76) !important;*background-color: rgb(255,255,255) !important;}\u00a0\u00bb]\n<h2 style=\"text-align: center;\"><strong>Suite aux mesures prises face \u00e0 la pand\u00e9mie de Covid-19 s\u00e9vissant actuellement, nous sommes au regret de devoir vous annoncer l&rsquo;annulation du Printemps des Sciences 2020 en R\u00e9gion Bruxelloise. <\/strong><\/h2>\n<h2 style=\"text-align: center;\"><strong>Certaines activit\u00e9s pourraient n\u00e9anmoins \u00eatre report\u00e9es \u00e0 une date ult\u00e9rieure.<\/strong><\/h2>\n<h2 style=\"text-align: center;\"><strong>Merci pour votre compr\u00e9hension.<\/strong><\/h2>\n[\/vc_column_text][\/vc_column][\/vc_row]\n<\/div>","protected":false},"excerpt":{"rendered":"<p>[vc_row type=\u00a0\u00bbvc_default\u00a0\u00bb bg_type=\u00a0\u00bbimage\u00a0\u00bb css=\u00a0\u00bb.vc_custom_1584017238470{padding-right: 30px !important;padding-left: 30px !important;background: rgba(255,255,255,0.53) url(https:\/\/sciences.brussels\/printemps\/wp-content\/uploads\/sites\/2\/2020\/03\/AdobeStock_323337524-scaled.jpeg?id=3291) !important;background-position: center !important;background-repeat: no-repeat !important;background-size: cover !important;*background-color: rgb(255,255,255) !important;}\u00a0\u00bb][vc_column][vc_column_text css=\u00a0\u00bb.vc_custom_1584005412080{padding-top: 30px !important;padding-right: 30px !important;padding-bottom: 30px !important;padding-left: 30px !important;background-color: rgba(255,255,255,0.76) !important;*background-color: rgb(255,255,255) !important;}\u00a0\u00bb] Suite aux mesures prises face \u00e0 la pand\u00e9mie de Covid-19 s\u00e9vissant actuellement, nous sommes au regret de devoir vous annoncer l&rsquo;annulation du Printemps&hellip;<\/p>\n","protected":false},"author":10,"featured_media":0,"parent":0,"menu_order":0,"comment_status":"closed","ping_status":"closed","template":"","meta":{"footnotes":""},"class_list":["post-3295","page","type-page","status-publish","hentry","description-off"],"_links":{"self":[{"href":"https:\/\/sciences.brussels\/printemps\/wp-json\/wp\/v2\/pages\/3295"}],"collection":[{"href":"https:\/\/sciences.brussels\/printemps\/wp-json\/wp\/v2\/pages"}],"about":[{"href":"https:\/\/sciences.brussels\/printemps\/wp-json\/wp\/v2\/types\/page"}],"author":[{"embeddable":true,"href":"https:\/\/sciences.brussels\/printemps\/wp-json\/wp\/v2\/users\/10"}],"replies":[{"embeddable":true,"href":"https:\/\/sciences.brussels\/printemps\/wp-json\/wp\/v2\/comments?post=3295"}],"version-history":[{"count":3,"href":"https:\/\/sciences.brussels\/printemps\/wp-json\/wp\/v2\/pages\/3295\/revisions"}],"predecessor-version":[{"id":3299,"href":"https:\/\/sciences.brussels\/printemps\/wp-json\/wp\/v2\/pages\/3295\/revisions\/3299"}],"wp:attachment":[{"href":"https:\/\/sciences.brussels\/printemps\/wp-json\/wp\/v2\/media?parent=3295"}],"curies":[{"name":"wp","href":"https:\/\/api.w.org\/{rel}","templated":true}]}}